{"id":34,"date":"2025-07-29T14:37:08","date_gmt":"2025-07-29T12:37:08","guid":{"rendered":"https:\/\/easysoles.de\/shop\/shop\/"},"modified":"2026-03-13T12:18:09","modified_gmt":"2026-03-13T11:18:09","slug":"shop","status":"publish","type":"page","link":"https:\/\/easysoles.de\/shop\/","title":{"rendered":"Shop"},"content":{"rendered":"<p>[et_pb_section fb_built=&#8220;1&#8243; _builder_version=&#8220;4.27.4&#8243; _module_preset=&#8220;default&#8220; background_color=&#8220;RGBA(255,255,255,0)&#8220; hover_enabled=&#8220;0&#8243; global_colors_info=&#8220;{}&#8220; custom_padding=&#8220;||0px||false|false&#8220; sticky_enabled=&#8220;0&#8243;][et_pb_row _builder_version=&#8220;4.27.4&#8243; _module_preset=&#8220;default&#8220; global_colors_info=&#8220;{}&#8220;][et_pb_column type=&#8220;4_4&#8243; _builder_version=&#8220;4.27.4&#8243; _module_preset=&#8220;default&#8220; global_colors_info=&#8220;{}&#8220;][et_pb_heading title=&#8220;Herzlich Willkommen bei easySoles: Unsere ma\u00dfgefertigten Einlegesohlen&#8220; _builder_version=&#8220;4.27.4&#8243; _module_preset=&#8220;default&#8220; title_font=&#8220;|600|||||||&#8220; title_text_align=&#8220;center&#8220; title_text_color=&#8220;#235286&#8243; title_font_size=&#8220;28px&#8220; global_colors_info=&#8220;{}&#8220;][\/et_pb_heading][\/et_pb_column][\/et_pb_row][et_pb_row _builder_version=&#8220;4.27.4&#8243; _module_preset=&#8220;default&#8220; width_tablet=&#8220;80%&#8220; width_phone=&#8220;&#8220; width_last_edited=&#8220;on|tablet&#8220; module_alignment=&#8220;center&#8220; hover_enabled=&#8220;0&#8243; module_alignment_tablet=&#8220;center&#8220; module_alignment_phone=&#8220;center&#8220; module_alignment_last_edited=&#8220;on|phone&#8220; global_colors_info=&#8220;{}&#8220; custom_padding=&#8220;||0px||false|false&#8220; sticky_enabled=&#8220;0&#8243;][et_pb_column type=&#8220;4_4&#8243; _builder_version=&#8220;4.27.4&#8243; _module_preset=&#8220;default&#8220; global_colors_info=&#8220;{}&#8220;][et_pb_shop posts_number=&#8220;100&#8243; columns_number=&#8220;2&#8243; icon_hover_color=&#8220;RGBA(255,255,255,0)&#8220; hover_overlay_color=&#8220;RGBA(255,255,255,0)&#8220; _builder_version=&#8220;4.27.4&#8243; _module_preset=&#8220;default&#8220; title_font=&#8220;|600|||||||&#8220; title_text_color=&#8220;#1D2832&#8243; title_font_size=&#8220;20px&#8220; price_font=&#8220;|600|||||||&#8220; price_text_color=&#8220;#235286&#8243; text_orientation=&#8220;center&#8220; width=&#8220;80%&#8220; module_alignment=&#8220;center&#8220; border_radii_image=&#8220;on|3px|3px|3px|3px&#8220; box_shadow_style_image=&#8220;preset1&#8243; box_shadow_blur_image=&#8220;6px&#8220; global_colors_info=&#8220;{}&#8220;][\/et_pb_shop][\/et_pb_column][\/et_pb_row][\/et_pb_section][et_pb_section fb_built=&#8220;1&#8243; _builder_version=&#8220;4.27.4&#8243; _module_preset=&#8220;default&#8220; background_color=&#8220;#F3F1F0&#8243; box_shadow_style=&#8220;preset1&#8243; global_colors_info=&#8220;{}&#8220;][et_pb_row _builder_version=&#8220;4.27.4&#8243; _module_preset=&#8220;default&#8220; global_colors_info=&#8220;{}&#8220;][et_pb_column type=&#8220;4_4&#8243; _builder_version=&#8220;4.27.4&#8243; _module_preset=&#8220;default&#8220; global_colors_info=&#8220;{}&#8220;][et_pb_heading title=&#8220;Mach Dich tanzklar!&#8220; _builder_version=&#8220;4.27.4&#8243; _module_preset=&#8220;default&#8220; title_font=&#8220;|600|||||||&#8220; title_text_align=&#8220;center&#8220; title_text_color=&#8220;#235286&#8243; title_font_size=&#8220;26px&#8220; global_colors_info=&#8220;{}&#8220;][\/et_pb_heading][\/et_pb_column][\/et_pb_row][et_pb_row _builder_version=&#8220;4.27.4&#8243; _module_preset=&#8220;default&#8220; global_colors_info=&#8220;{}&#8220;][et_pb_column type=&#8220;4_4&#8243; _builder_version=&#8220;4.27.4&#8243; _module_preset=&#8220;default&#8220; global_colors_info=&#8220;{}&#8220;][et_pb_text ol_position=&#8220;outside&#8220; ol_item_indent=&#8220;20px&#8220; _builder_version=&#8220;4.27.4&#8243; _module_preset=&#8220;default&#8220; ol_font_size=&#8220;15px&#8220; header_2_font_size=&#8220;25px&#8220; header_3_font=&#8220;|600|||||||&#8220; header_3_text_color=&#8220;#235286&#8243; header_3_line_height=&#8220;1.7em&#8220; custom_margin=&#8220;|30px||30px|false|true&#8220; global_colors_info=&#8220;{}&#8220;]<\/p>\n<div class=\"elementor-element elementor-element-dd50150 elementor-widget elementor-widget-heading\" data-id=\"dd50150\" data-element_type=\"widget\" data-widget_type=\"heading.default\">\n<div class=\"elementor-widget-container\">\n<h3 class=\"elementor-heading-title elementor-size-default\">Ablauf nach der Erstbestellung<\/h3>\n<\/div>\n<\/div>\n<div class=\"elementor-element elementor-element-8589fa0 elementor-widget elementor-widget-text-editor\" data-id=\"8589fa0\" data-element_type=\"widget\" data-widget_type=\"text-editor.default\">\n<div class=\"elementor-widget-container\">\n<p>F\u00fcr die Herstellung Deiner Ma\u00dfeinlage ben\u00f6tigen wir Deinen digitalen Fu\u00dfabdruck. Bitte w\u00e4hle daf\u00fcr bei deiner Erstbestellung unter \u201eFu\u00dfabdruck\u201c die Option \u201eNeu erstellen \u2013 Fu\u00dfabdruckset bestellen (+36\u20ac)\u201c aus.<\/p>\n<ol>\n<li>Nach der Erstbestellung senden wir Dir unser<span>\u00a0<\/span><a href=\"https:\/\/easysoles.de\/fussabdruckset\/\">Fu\u00dfabdruckset<\/a><span>\u00a0<\/span>zu.<u><br \/><\/u><\/li>\n<li>Du machst den Abdruck Deiner F\u00fc\u00dfe im<span>\u00a0<\/span><a href=\"https:\/\/easysoles.de\/fussabdruckset\/\">Fu\u00dfabdruckset<span>\u00a0<\/span><\/a>und sendest uns dieses zur\u00fcck. (R\u00fccksendeschein liegt der Sendung bei)<\/li>\n<li>Innerhalb von 2 Wochen produzieren wir Deine easySoles und senden sie Dir zu.<br \/>Dein digitaler Fu\u00dfabdruck wird abgespeichert.<\/li>\n<\/ol>\n<\/div>\n<\/div>\n<div class=\"elementor-element elementor-element-fe4e61e elementor-widget elementor-widget-heading\" data-id=\"fe4e61e\" data-element_type=\"widget\" data-widget_type=\"heading.default\">\n<div class=\"elementor-widget-container\">\n<h3 class=\"elementor-heading-title elementor-size-default\">Bei einer Nachbestellung<\/h3>\n<\/div>\n<\/div>\n<div class=\"elementor-element elementor-element-0c98fc3 elementor-widget elementor-widget-text-editor\" data-id=\"0c98fc3\" data-element_type=\"widget\" data-widget_type=\"text-editor.default\">\n<div class=\"elementor-widget-container\">\n<p>Dein digitaler Fu\u00dfabdruck liegt uns bereits vor und wir k\u00f6nnen diesen f\u00fcr die Herstellung verwenden. Innerhalb von 2 Wochen produzieren wir deine easySoles und senden sie Dir zu.<\/p>\n<\/div>\n<\/div>\n<p>[\/et_pb_text][\/et_pb_column][\/et_pb_row][\/et_pb_section][et_pb_section fb_built=&#8220;1&#8243; _builder_version=&#8220;4.27.4&#8243; _module_preset=&#8220;default&#8220; background_color=&#8220;RGBA(255,255,255,0)&#8220; global_colors_info=&#8220;{}&#8220;][et_pb_row _builder_version=&#8220;4.27.0&#8243; _module_preset=&#8220;default&#8220; locked=&#8220;off&#8220; global_colors_info=&#8220;{}&#8220;][et_pb_column type=&#8220;4_4&#8243; _builder_version=&#8220;4.27.0&#8243; _module_preset=&#8220;default&#8220; global_colors_info=&#8220;{}&#8220;][et_pb_heading title=&#8220;Du hast noch Fragen?&#8220; _builder_version=&#8220;4.27.4&#8243; _module_preset=&#8220;default&#8220; title_level=&#8220;h2&#8243; title_font=&#8220;|600|||||||&#8220; title_text_align=&#8220;center&#8220; title_text_color=&#8220;#235286&#8243; global_colors_info=&#8220;{}&#8220;][\/et_pb_heading][et_pb_text _builder_version=&#8220;4.27.4&#8243; _module_preset=&#8220;default&#8220; text_text_color=&#8220;#1D2832&#8243; global_colors_info=&#8220;{}&#8220;]<\/p>\n<p style=\"text-align: center;\"><span>Unser FAQ besteht aus Fragen und Antworten rund um unsere easySoles.<\/span><\/p>\n<p style=\"text-align: center;\"><span> Wirst Du in unserem bisherigen Repertoire an Fragen nicht f\u00fcndig, dann kontaktiere uns direkt.<\/span><\/p>\n<p>[\/et_pb_text][\/et_pb_column][\/et_pb_row][et_pb_row column_structure=&#8220;1_2,1_2&#8243; _builder_version=&#8220;4.27.4&#8243; _module_preset=&#8220;default&#8220; global_colors_info=&#8220;{}&#8220;][et_pb_column type=&#8220;1_2&#8243; _builder_version=&#8220;4.27.4&#8243; _module_preset=&#8220;default&#8220; global_colors_info=&#8220;{}&#8220;][et_pb_button button_url=&#8220;https:\/\/easysoles.de\/faq\/&#8220; button_text=&#8220;FAQ&#8220; button_alignment=&#8220;center&#8220; _builder_version=&#8220;4.27.4&#8243; _module_preset=&#8220;default&#8220; custom_button=&#8220;on&#8220; button_text_size=&#8220;20px&#8220; button_text_color=&#8220;#F3F1F0&#8243; button_bg_color=&#8220;#235286&#8243; button_border_width=&#8220;2px&#8220; button_border_color=&#8220;#235286&#8243; button_border_radius=&#8220;18px&#8220; button_font=&#8220;||||||||&#8220; button_icon=&#8220;&#x74;||divi||400&#8243; button_icon_color=&#8220;#F3F1F0&#8243; button_on_hover=&#8220;off&#8220; button_font_tablet=&#8220;||||||||&#8220; button_font_phone=&#8220;||||||||&#8220; button_font_last_edited=&#8220;on|desktop&#8220; locked=&#8220;off&#8220; global_colors_info=&#8220;{}&#8220; button_bg_color__hover_enabled=&#8220;on|hover&#8220; button_bg_color__hover=&#8220;#F3F1F0&#8243; button_bg_enable_color__hover=&#8220;on&#8220; button_border_width__hover_enabled=&#8220;on|hover&#8220; background_layout__hover_enabled=&#8220;off|desktop&#8220; button_text_color__hover_enabled=&#8220;on|hover&#8220; button_text_color__hover=&#8220;#235286&#8243; button_border_color__hover_enabled=&#8220;on|desktop&#8220; button_border_color__hover=&#8220;#235286&#8243; button_icon_color__hover_enabled=&#8220;on|hover&#8220; button_icon_color__hover=&#8220;#235286&#8243; button_border_width__hover=&#8220;2px&#8220;][\/et_pb_button][\/et_pb_column][et_pb_column type=&#8220;1_2&#8243; _builder_version=&#8220;4.27.4&#8243; _module_preset=&#8220;default&#8220; global_colors_info=&#8220;{}&#8220;][et_pb_button button_url=&#8220;https:\/\/easysoles.de\/kontakt\/&#8220; button_text=&#8220;Kontakt&#8220; button_alignment=&#8220;center&#8220; _builder_version=&#8220;4.27.4&#8243; _module_preset=&#8220;default&#8220; custom_button=&#8220;on&#8220; button_text_size=&#8220;20px&#8220; button_text_color=&#8220;#F3F1F0&#8243; button_bg_color=&#8220;#235286&#8243; button_border_width=&#8220;2px&#8220; button_border_color=&#8220;#235286&#8243; button_border_radius=&#8220;18px&#8220; button_font=&#8220;||||||||&#8220; button_icon=&#8220;&#xe010;||divi||400&#8243; button_icon_color=&#8220;#f3f1f0&#8243; button_on_hover=&#8220;off&#8220; button_font_tablet=&#8220;||||||||&#8220; button_font_phone=&#8220;||||||||&#8220; button_font_last_edited=&#8220;on|desktop&#8220; locked=&#8220;off&#8220; global_colors_info=&#8220;{}&#8220; button_bg_color__hover_enabled=&#8220;on|hover&#8220; button_bg_color__hover=&#8220;#F3F1F0&#8243; button_bg_enable_color__hover=&#8220;on&#8220; button_border_width__hover_enabled=&#8220;on|hover&#8220; background_layout__hover_enabled=&#8220;off|desktop&#8220; button_text_color__hover_enabled=&#8220;on|hover&#8220; button_text_color__hover=&#8220;#235286&#8243; button_border_color__hover_enabled=&#8220;on|desktop&#8220; button_border_color__hover=&#8220;#235286&#8243; button_icon_color__hover_enabled=&#8220;on|hover&#8220; button_icon_color__hover=&#8220;#235286&#8243; button_border_width__hover=&#8220;2px&#8220;][\/et_pb_button][\/et_pb_column][\/et_pb_row][\/et_pb_section]<\/p>\n","protected":false},"excerpt":{"rendered":"<p>Ablauf nach der Erstbestellung F\u00fcr die Herstellung Deiner Ma\u00dfeinlage ben\u00f6tigen wir Deinen digitalen Fu\u00dfabdruck. Bitte w\u00e4hle daf\u00fcr bei deiner Erstbestellung unter \u201eFu\u00dfabdruck\u201c die Option \u201eNeu erstellen \u2013 Fu\u00dfabdruckset bestellen (+36\u20ac)\u201c aus. Nach der Erstbestellung senden wir Dir unser\u00a0Fu\u00dfabdruckset\u00a0zu. Du machst den Abdruck Deiner F\u00fc\u00dfe im\u00a0Fu\u00dfabdruckset\u00a0und sendest uns dieses zur\u00fcck. (R\u00fccksendeschein liegt der Sendung bei) Innerhalb [&hellip;]<\/p>\n","protected":false},"author":1,"featured_media":0,"parent":0,"menu_order":0,"comment_status":"closed","ping_status":"closed","template":"","meta":{"_et_pb_use_builder":"on","_et_pb_old_content":"","_et_gb_content_width":"1144","footnotes":""},"class_list":["post-34","page","type-page","status-publish","hentry"],"_links":{"self":[{"href":"https:\/\/easysoles.de\/shop\/wp-json\/wp\/v2\/pages\/34","targetHints":{"allow":["GET"]}}],"collection":[{"href":"https:\/\/easysoles.de\/shop\/wp-json\/wp\/v2\/pages"}],"about":[{"href":"https:\/\/easysoles.de\/shop\/wp-json\/wp\/v2\/types\/page"}],"author":[{"embeddable":true,"href":"https:\/\/easysoles.de\/shop\/wp-json\/wp\/v2\/users\/1"}],"replies":[{"embeddable":true,"href":"https:\/\/easysoles.de\/shop\/wp-json\/wp\/v2\/comments?post=34"}],"version-history":[{"count":29,"href":"https:\/\/easysoles.de\/shop\/wp-json\/wp\/v2\/pages\/34\/revisions"}],"predecessor-version":[{"id":1110,"href":"https:\/\/easysoles.de\/shop\/wp-json\/wp\/v2\/pages\/34\/revisions\/1110"}],"wp:attachment":[{"href":"https:\/\/easysoles.de\/shop\/wp-json\/wp\/v2\/media?parent=34"}],"curies":[{"name":"wp","href":"https:\/\/api.w.org\/{rel}","templated":true}]}}